 67 - (-5 + -48 + 156).
-36
What is the value of -88 - (-41 - (-8 + 21))?
-34
What is -4 - (67 + 0 + (-10 - 3) + 0)?
-58
What is -22 + -1 + (-1 + 6 + -13 - -19) - 17?
-29
-120 - -52 - 33 - -126
25
Evaluate 35 + (0 - (-7 + 0 - -1 - (71 + -84))).
28
What is the value of (-2 - (3 - 3)) + -12 + 10 + -13?
-17
38 - (-76 - -95 - (1 - -27))
47
What is (10 - -3) + 2 + 2 + 63 + 12 + 3?
95
What is -15 - (-22 + (6 + 20 - 1))?
-18
What is -3 + (4 + -5 + 5 - 5) - -1?
-3
50 + -43 + (36 - (-1 - (-1 + -15)))
28
What is the value of 15 + (9 - (23 - 27) - 8) + 21?
41
(-1 - -35) + 921 + -921 + 2 + (-1 - 1)
34
What is the value of 22 + -5 + -42 + 48 + 75?
98
Evaluate 31 + -93 - (12 + -39).
-35
What is the value of (29 - 13) + -7 - (10 - (-1 - 1))?
-3
What is the value of 70 + -41 + -96 + 137?
70
3 - 1 - -22 - (-69 - -20)
73
(4 - 3) + -28 - ((21 - 3) + -36)
-9
What is the value of (-10 + -1 - 9) + -10 + 0?
-30
What is the value of 32 + (43 - (-10 - -34)) + 13?
64
Evaluate -10 - (-95 - (11 + (0 - (-8 - 2 - -31)))).
75
Calculate -56 - (-7 + 2) - (-13 + 22 - 13).
-47
Evaluate (-4 - 2) + (19 - 5 - 5 - 31 - 16).
-44
What is 259 + -258 + -9 + (0 - 0)?
-8
(-1 - -20) + 1 - -8 - -26
54
60 - (1 + (61 - 63))
61
Calculate -56 - ((4 - (-12 + 8)) + -5 + -2 - -5).
-62
What is the value of -59 + (-3 + 3 - -6) + (9 - (-15 - -20))?
-49
What is 97 + -72 + (-7 - 2 - 61)?
-45
Evaluate -12 + (8 - 1) + (-5 - 0 - (10 - 73)).
53
Evaluate -64 - ((0 - 0 - -5) + 3618 + -3623).
-64
What is 11 + 34 - 41 - 23?
-19
What is -54 + -5 + -4 + 21 + 3?
-39
Calculate -17 + -20 + (-98 - -50) - 9.
-94
-4 + 19 + 7 - (-57 + 31 + -41)
89
What is 95 - (119 + (22 - 96))?
50
Calculate 33156 + -33215 + (1 + -26 - 0).
-84
Calculate (-7 + 21 - 13) + -7 - -28.
22
Calculate (4 - (6 + -13 + -5)) + (-18 - -6).
4
Evaluate 10 - ((-78 - -91) + -17 - (-1 - 1 - -16)).
28
0 - -9 - (-2560 - -2465)
104
Evaluate -10 - (22 + -65 - -30).
3
What is 108 + -15 + 11 + -16 + -7?
81
Evaluate -94 - (8 + 12 + -5 + -4 + -9).
-96
What is (-64 + (160 - 51) - (1 - -11)) + -3?
30
Evaluate 0 - 6 - (9 - ((-6 - -5) + 9 - 40)).
-47
Calculate (-29 - -47) + -88 + (-16 - (-4 + -15)).
-67
-49 - ((-57 - -51) + 5)
-48
What is the value of -16 + 28 + -72 + 50?
-10
What is the value of -30 - (32 + (-96 - (22 + -42)))?
14
Evaluate (-2 - -62) + -159 + 50 + 119.
70
Evaluate -35 + -2 + (-19 - (1 - -1) - -7).
-51
(2 + -26 - (-5 + -41 - -30)) + 5
-3
What is 37 + (-51 - -19) + 16 + -10 + (-2 - -1)?
10
Calculate -6663 + 6689 - (-88 + -1).
115
What is ((1 - 2) + -107 + 106 + -4 - -15) + 0?
9
Calculate -34 + 40 + (-17 - (1 - 25)).
13
(-24 - -31) + (3 - 3) + -34 - 1 - 8
-36
Evaluate -1 - (59 + -43 + -3 - (-39 + 2 + -4)).
-55
Calculate (6 - (-7 + 39 - 20)) + 38.
32
What is the value of (-1 + -4 - -26) + (4 - 44) + 19?
0
What is -9 + (-1 - 0) + -1 + -11 + (18 - 14)?
-18
What is 8 + (23 - (-12 - -8)) + -50?
-15
Evaluate (1 - -1 - (-1 - -13 - 1)) + 119348 + -119329.
10
What is the value of -1 + -7 - ((-22 - 7) + -102 + 79)?
44
Evaluate 565 + -513 - (63 - 4).
-7
26 + -70 + 20 - -40
16
What is -6825 - -6823 - (9 - -1)?
-12
What is the value of -1 - -16 - (12 - -29 - 24)?
-2
What is the value of (34 - 2) + (46 - 52) - ((4 - 21) + 20)?
23
(6 - 2) + (-32 - (37 + -140 + 35))
40
What is -17 + 2 + 3 + 50 + -19 - 98?
-79
What is -84 + 123 - 102 - 61?
-124
Evaluate -6 + -29 + 17 + -31 + 24.
-25
What is 52 - (-57 - -143 - 47)?
13
Calculate (-27 - (35 + -62)) + (1 - (12 + -1)).
-10
Calculate (108 - 77) + (8 - (-8 - 2)).
49
Evaluate -237 + 259 - (-4 - (-9 + 47)).
64
What is -1 + 1 + 4 + 66 + -26 + 27?
71
What is (2 - 46) + (268 - 266) - (-18 + 3)?
-27
-3101 - -3089 - (-19 + (-1 - 1))
9
44 - 46 - (-3 - 17 - -5)
13
Evaluate 17 - (62 + (-107 - -65)).
-3
-2 - -28 - (-14 - -50 - 36)
26
Calculate -21 + (-21 - (-29 + -7)) - (1 - -85).
-92
Evaluate 21 + (-15 - 8) + 7.
5
Evaluate 0 - -9 - (18 + (23 - (6 - -64))).
38
Calculate 38 - (32 + (-19 - -3)) - -14.
36
What is -22 + 1 + -1 + (-10 + 64 - 56)?
-24
Evaluate 5 + -89 - (4 - 46).
-42
Calculate 2 + -98 - (229 + -122 - 93).
-110
What is the value of (-1114 - -1088) + (124 - (7 + -7))?
98
Evaluate (2 + (14 - 1) + -30 - 5) + 165.
145
Calculate -7 + (5 - (-6 - (13 + 4 - 16))).
5
What is the value of 0 + -11 - (26 - (48 + (-39 - -14)))?
-14
4 + 10 + 24 + -7 + 18
49
Calculate (-167 + 91 - -105) + -58.
-29
Evaluate 7 + (74 + -50 - 45) + (2 - -27).
15
-52 - (-159 + (56 - 7))
58
-12 + (37 - 13) + 6 + -6
12
What is 40 - (41 + 0) - -25?
24
What is (-5 + 7 + (12 - 6) - 11) + -34?
-37
What is the value of (-17 - 1) + -28 + (63 - (38 + 1))?
-22
What is the value of -1 - (-2 - 24) - (-7715 + 7733)?
7
What is the value of 50 + 1 + -58 + 13 + 39?
45
What is (48 - -8) + -37 + (15 - 72)?
-38
What is the value of (12 + -14 + 0 - -16) + 7 + -66?
-45
Calculate -164 + 145 + 0 + 16.
-3
What is the value of (1021 - 1042) + 1 + 2 + 6 + 2 + -2?
-12
(-161 - -147) + 2 + 8 + -41
-45
What is the value of (3 + 3 - 4) + -4 + 6 - (27 + -2)?
-21
Evaluate 2 + 8 + (-45 - 2 - (31 - 17)).
-51
Calculate 5 + -19 - (-390 + 383).
-7
Evaluate (-1 - 13 - -4) + (424 - 399).
15
What is the value of -2 + -19 + (29 - (20 - 79)) - -9?
76
Calculate (-58 - 0) + (11 - (9 + 6)) - 2.
-64
8 - 2 - 33 - (-44 + 17 + 22)
-22
What is 0 - (-1 + 15) - (-53 + -15 + -1 + -22)?
77
What is (64 - 47) + 9 + 21 + -40 + (1 - 2)?
6
What is the value of 2 - 132 - (26 + -195 + 119)?
-80
What is the value of -21 + -18 + 18 + 5 - (-3 + -52)?
39
-7 + (-22 - (15 - 21) - 4)
-27
Calculate (-36 - 29) + -2 + -6 + 0 + -2.
-75
Evaluate -28 + (-9 - (16 + -30 + 9)).
-32
Evaluate (-63 - (-17 + -47)) + (1 - (-3 + -11)).
16
What is (-52 - (-3 + -17)) + (121 - 8)?
81
What is the value of 3 + -84 + 39 + 27?
-15
(-19 + -22 - -7 - -24) + 11
1
Evaluate 7 + (-1 - -11) + 8 + (12 - (13 - -18)).
6
Calculate 0 - ((-2 - (-3 - 2 - (21 - 35))) + -38).
49
(0 - 3) + 20 + -9 + 27 - (3 + -8)
40
(59 - 96 - -54) + -8 + 1
10
What is the value of -3 + 24 + (5 + -3 - -20) + -15?
28
What is 10 + -1 - (-9 + (1 + -10 - (-11 - 2)))?
14
Calculate 2 + -7 + (-57 + (8 - 4) - (-44 - -36)).
-50
What is (119 + -66 - 80) + 59?
32
-1 + -58 - (-45 + (26 - 13) - -21)
-48
Calculate 4 + (0 - ((-12 - -29) + -7)) + -3.
-9
What is the value of -21 - -6 - (-2 - 1) - (4 + -20)?
4
What is -58 - (5 + -6 + 7 + (-7 - -4) + -9)?
-52
Calculate 24 - (-2 + 0) - (194 + -175 + -35).
42
Evaluate 9 - -1 - (-9 + 4 + -12 + 20 + -13).
20
What is -1355 + 1355 + -5 + 3 + 41 + 2?
41
39 + (-37 + 28 - 18)
12
What is (11 - 5) + (103 - 112)?
-3
(-23 - (-1 + -7) - -4) + 25 + -10
4
What is (-84 - (102 + -75)) + 123?
12
What is 0 + -27 - (42 - (105 + -59))?
-23
(19 - (-7 - (-4 + -15) - -23)) + 74
58
Evaluate 9 + -1 - (-62 - (63 + -71) - (-10 + 1)).
53
Evaluate 21 + (36 - 22) + -15 + 3 + 1.
24
What is 43 + 19 + 7 + (-3 - 13) + 10?
63
What is the value of 1 + -15 - (89 + -107 + -25 + 1)?
28
What is (-15 - (3 + -4)) + 279 + -205 + 17?
77
15 - 19 - (15 + (-9 - 70) + -9)
69
Evaluate (5 + -25 - -5 - (153 - 210)) + 0 - 3.
39
Evaluate -17 + -34 + 70 + -5 + 8 + -4.
18
0 + 31 + -17 + -6 + 3 + -9
2
Evaluate 14 + 9 + -8 + (8 - 22) + -78.
-77
Calculate -6 + -24 - (-4 - ((7 - 12) + 20)).
-11
Calculate (23 - (-2 + -8)) + -45.
-12
What is -37 + 33 - (-5 - -1 - -10)?
-10
What is the value of -25 - (-17 - (112 - 74))?
30
Evaluate 0 + 29 + (5 - 7) - (7686 - 7676).
17
What is the value of -19 + 1 + -23 + 70 + 12?
41
Calculate -50 - -2 - (15 + (-6 + -12 - 6)).
-39
44 - (-14 - (34 + -65) - -10)
17
Calculate 15 + 9 + 1 + -16 - 13.
-4
What is the value of 478 - 339 - (14 - -2)?
123
(82 - 0) + (-5 - -4) + (-33278 - -33286)
89
Evaluate 765 + -735 + -4 + 1.
27
What is -4 - (27 - 55 - (5 + -4 + -14))?
11
Evaluate -4 + (-4 + 0 - (-43 + 15 + 47)).
-27
Evaluate -3 + 7 + (5 - -1) + -97 + 96.
9
What is the value of -13 + (0 - 12) + 11 + (24 - 39)?
-29
What is the value of -47 - (-61 + 25 - -14)?
-25
Evaluate (15 - (3 + 93 + (-85 - -60))) + 4 + 0.
-52
Evaluate (-5 - (3 - 4)) + -746 + 743.
-7
Evaluate 27 - (0 - 0) - (101 - 92 - 4).
22
What is 325 + -323 + (-1 + -26 - (1 - 1))?
-25
What is (-23 - 21) + 49 + -26 + -1?
-22
(-88 + 8 - -3) + (-294 - -253)
-118
Evaluate (-19 - (22 - 21)) + (11 - 2).
-11
What is -10 + (6 - (-19 - -2 - (54 + -45)))?
22
3 - (7 - 57) - (-25 - (-29 + 18))
67
-3 + (-217 - -204 - (2 + -18))
0
Calculate 2